-15
Let h(n) = n**3 - 23*n**2 - 110*n + 68. Determine h(27).
14
Let n(d) = -d**2 + 34*d - 31. Give n(26).
177
Let d(p) = -18*p + 262. Give d(16).
-26
Let b(q) = 24*q**3 - 68*q**2 - 44*q + 108. Determine b(3).
12
Let p(c) = -82*c + 4044. Determine p(49).
26
Let x(y) = 763*y**2 - 6863*y - 2. Determine x(9).
34
Let o(w) = -w**2 + 72*w - 6. Give o(0).
-6
Let h(q) = 224*q**2 - 2914*q + 8. What is h(13)?
-18
Let l(r) = 100*r - 550. Calculate l(5).
-50
Let z(k) = 107*k + 271. Determine z(-4).
-157
Let h(w) = -71*w + 1691. Determine h(23).
58
Let n(z) = 4*z**3 - 5*z**2 - 9*z - 6. What is n(-3)?
-132
Let z(p) = -p**3 - 4*p**2 + 28*p + 24. Calculate z(-7).
-25
Let n(q) = 50*q - 463. What is n(13)?
187
Let h(u) = 2*u**2 - 63*u + 690. What is h(16)?
194
Let c(a) = -14*a - 3. What is c(3)?
-45
Let o(k) = k**3 - 13*k**2 + 82*k - 130. Determine o(2).
-10
Let g(u) = -13*u**2 + 2*u - 37. What is g(4)?
-237
Let c(f) = 9*f - 137. What is c(29)?
124
Let a(g) = 103*g + 143. Calculate a(-1).
40
Let b(i) = 4*i**3 - 2*i**2 - 4*i + 2. Calculate b(3).
80
Let g(q) = -q**3 - 7*q**2 + 17*q + 111. Determine g(-8).
39
Let y(z) = 23*z**2 + 97*z + 11. Give y(-4).
-9
Let o(x) = -3*x**2 - 236*x - 1246. What is o(-73)?
-5
Let s(o) = -o**3 + 29*o**2 - 67*o - 32. Calculate s(27).
-383
Let c(m) = 4*m**2 - 52*m - 110. Calculate c(-2).
10
Let z(g) = 10*g + 597. Give z(-58).
17
Let q(w) = 8*w**2 - 11*w - 136. Calculate q(5).
9
Let n(x) = x**3 + x**2 - 80*x - 18. Determine n(0).
-18
Let v(g) = -8*g + 77. What is v(14)?
-35
Let o(i) = i**3 - 16*i**2 - 24*i - 37. Calculate o(18).
179
Let s(j) = -2391*j**2 + 7176*j + 5. Calculate s(3).
14
Let n(k) = -9*k**3 - 98*k**2 - 14*k - 283. Calculate n(-11).
-8
Let p(c) = 208*c - 4. Give p(0).
-4
Let f(v) = 32*v + 82. Determine f(1).
114
Let c(t) = t**3 + 92*t**2 + t + 81. Determine c(-92).
-11
Let b(q) = 31*q**2 - 191*q - 3. What is b(6)?
-33
Let o(u) = 2*u**3 - 3*u**2 + 125*u - 78. Calculate o(0).
-78
Let r(k) = 441*k - 6233. Give r(14).
-59
Let k(n) = 78*n**3 + 6*n**2 + 10*n + 8. Calculate k(-2).
-612
Let l(i) = -2*i**3 - 259*i**2 + 403*i + 1319. What is l(-131)?
9
Let u(k) = 3*k**3 - 12*k**2 - 73*k + 85. Determine u(7).
15
Let f(z) = 48*z + 256. What is f(0)?
256
Let d(n) = -n**3 + 8*n**2 + 25*n + 3. Calculate d(11).
-85
Let s(o) = 687*o - 6174. What is s(9)?
9
Let d(i) = 16*i - 141. Give d(15).
99
Let s(k) = -k**3 + 7*k**2 + 50*k + 19. What is s(-4)?
-5
Let o(u) = 36*u - 44. Give o(4).
100
Let w(s) = 12*s - 256. What is w(21)?
-4
Let r(c) = -2*c**3 - 410*c**2 - 1605*c + 612. Calculate r(-201).
9
Let y(f) = f**2 - 38*f - 251. Give y(-7).
64
Let s(p) = -10*p**2 - 222*p - 39. Determine s(-22).
5
Let t(j) = j**3 + 21*j**2 + 6*j - 267. Calculate t(-20).
13
Let a(v) = -10*v - 39. Determine a(-13).
91
Let d(i) = i**3 - 15*i**2 - 78*i + 11. Give d(-4).
19
Let v(r) = -r**3 - 32*r**2 - 79*r - 566. Give v(-30).
4
Let y(n) = -17*n + 71. Calculate y(1).
54
Let t(r) = 3*r**3 - 395*r**2 + 259*r + 182. What is t(131)?
-211
Let s(d) = 2*d**2 - 54*d + 333. Give s(11).
-19
Let l(y) = 15*y - 6. Calculate l(13).
189
Let m(r) = -4*r**2 + 315*r + 2188. What is m(-7)?
-213
Let n(w) = -46*w**2 + 215*w + 4. Calculate n(4).
128
Let q(i) = -112*i - 1462. Determine q(-13).
-6
Let a(w) = -w**2 + 20*w + 108. What is a(14)?
192
Let d(h) = -h**3 - 32*h**2 - 34*h - 123. Give d(-31).
-30
Let z(f) = -f**3 + 5*f**2 + 4*f - 14. Determine z(6).
-26
Let t(h) = -46*h**2 + 13*h + 3. Calculate t(1).
-30
Let f(j) = j**3 + 4*j**2 - 27*j + 75. Determine f(5).
165
Let f(z) = 7*z**3 - 230*z**2 - 42*z + 284. Give f(33).
-13
Let r(h) = -278*h + 2659. Determine r(10).
-121
Let c(b) = b**3 + 9*b**2 - 241*b + 194. Calculate c(-21).
-37
Let u(n) = 2*n**3 - 422*n**2 + 2060*n + 7. Give u(206).
7
Let r(a) = 3*a**2 + 42*a - 137. Determine r(3).
16
Let w(v) = -775*v - 12376. What is w(-16)?
24
Let g(n) = 5*n**2 - 28*n + 103. Give g(4).
71
Let l(r) = -r**3 - 15*r**2 + 30*r + 7. Give l(-17).
75
Let u(k) = -9*k**2 + 182*k - 208. Calculate u(19).
1
Let i(g) = -2*g**3 + 49*g**2 - 92*g + 527. Calculate i(23).
-2
Let c(m) = m**3 - 4*m**2 - 10*m + 17. Determine c(4).
-23
Let n(p) = 2*p**3 + 18*p**2 + 30*p - 2. What is n(-7)?
-16
Let h(s) = -1492*s - 10527. What is h(-7)?
-83
Let r(o) = -o**3 - 15*o**2 - 79*o - 372. What is r(-11)?
13
Let t(g) = 12*g - 148. What is t(-4)?
-196
Let q(f) = 3*f**3 + 10*f**2 - 5*f - 15. Calculate q(-4).
-27
Let l(o) = -22*o + 412. Calculate l(19).
-6
Let f(a) = -a**3 - 90*a**2 + 178*a - 563. Calculate f(-92).
-11
Let k(z) = -17*z**3 + 6*z**2 - 11*z + 7. Determine k(1).
-15
Let i(k) = -76*k - 5093. Calculate i(-67).
-1
Let b(t) = -8*t + 28. Calculate b(2).
12
Let a(m) = -115*m - 6. What is a(2)?
-236
Let l(i) = -2*i**3 - 7*i**2 - 22*i - 18. What is l(-5)?
167
Let u(n) = 103*n - 597. Calculate u(6).
21
Let f(i) = 20*i + 223. Determine f(-12).
-17
Let i(a) = -a**2 - 94*a - 2211. Give i(-49).
-6
Let b(c) = -c**3 - 19*c**2 - 34*c + 7. Calculate b(-17).
7
Let t(z) = z**3 - 6*z**2 - 31*z + 165. What is t(5)?
-15
Let s(t) = -446*t + 3104. Determine s(7).
-18
Let y(v) = 3*v**2 - 430*v - 1312. What is y(-3)?
5
Let o(b) = 27*b - 1227. Give o(49).
96
Let q(x) = -2*x**2 - 195*x + 1343. What is q(-104)?
-9
Let j(k) = -k**3 - 10*k**2 + 199*k + 1. Calculate j(10).
-9
Let s(g) = 49*g**3 + 4*g**2 + 23*g - 37. Give s(2).
417
Let s(h) = -76*h + 854. Give s(11).
18
Let a(x) = 2*x**3 + 72*x**2 - 76*x - 216. Give a(-37).
-142
Let b(i) = -2*i**2 + 39*i + 55. What is b(11)?
242
Let u(c) = 11*c**2 - 61*c + 32. Determine u(9).
374
Let o(j) = 21*j + 12. Give o(-6).
-114
Let b(h) = 4*h**2 - 190*h - 1794. Determine b(-8).
-18
Let v(r) = -8*r**3 - 17*r**2 + 6. Give v(-2).
2
Let x(c) = -c**2 - 65*c + 1342. Give x(-76).
506
Let s(a) = -78*a + 2178. Determine s(28).
-6
Let g(o) = 5*o**3 - 36*o**2 - 50*o + 406. Calculate g(7).
7
Let d(b) = 3*b**2 - 1806*b + 3606. Determine d(2).
6
Let c(m) = m**2 + 2175*m - 6528. Determine c(3).
6
Let d(u) = -5*u**3 + 430*u**2 - u + 88. Determine d(86).
2
Let i(u) = -61*u + 2809. Calculate i(46).
3
Let m(x) = -x**3 - 3*x**2 - 29*x - 125. What is m(-4)?
7
Let v(z) = -z**3 - 3*z**2 + z - 9. What is v(4)?
-117
Let u(t) = 5*t**2 - 133*t + 721. Calculate u(19).
-1
Let l(k) = -8*k - 15. Determine l(21).
-183
Let k(a) = 26*a - 614. Determine k(23).
-16
Let l(r) = -r**3 - 58*r**2 + 58*r - 63. Calculate l(-59).
-4
Let v(h) = 147*h - 12202. Give v(83).
-1
Let q(j) = -116*j - 3596. What is q(-31)?
0
Let i(a) = -1510*a + 55892. Calculate i(37).
22
Let n(m) = 3*m**3 - 80*m**2 + 53*m - 35. Give n(26).
-9
Let p(a) = -23832*a - 166825. Calculate p(-7).
-1
Let h(o) = 1077*o + 4282. Determine h(-4).
-26
Let k(r) = -565*r - 14142. Determine k(-25).
-17
Let p(n) = 2*n**2 - 402*n + 9. Calculate p(201).
9
Let k(o) = o**2 - 7*o - 61. What is k(-12)?
167
Let x(h) = -h**3 - 9*h**2 - 23*h - 10. Calculate x(-7).
53
Let y(l) = 2*l**2 - 5*l - 138. Determine y(10).
12
Let h(m) = -m**2 + 9*m - 2. Give h(-7).
-114
Let v(p) = 374*p + 1139. Determine v(-3).
17
Let i(o) = -o**2 + 15*o + 31. Give i(20).
-69
Let p(g) = -g**3 - 10*g**2 - 17*g - 36. What is p(-7)?
-64
Let n(k) = -169*k + 5024. Determine n(30).
-46
Let i(k) = 3*k**3 + 111*k**2 + 3*k - 36. Give i(-37).
-147
Let z(g) = g**3 - 30*g**2 + 45*g + 106. Calculate z(28).
-202
Let b(r) = -452*r + 14400. Give b(32).
-64
Let p(f) = -532*f + 1099. Determine p(2).
35
Let k(t) = 16*t + 303. Give k(-18).
15
Let n(w) = -w**2 + 21*w + 122. What is n(18)?
176
Let n(v) = -v**2 + 303*v + 21348. What is n(362)?
-10
Let c(o) = -78*o + 1093. Calculate c(14).
1
Let m(r) = 5*r**2 - 191*r - 612. Give m(-3).
6
Let r(k) = -k**3 - 18*k**2 + 18*k + 205. Calculate r(-19).
224
Let m(f) = 17*f**3 - 542*f**2 - 89*f + 799. Calculate m(32).
-1
Let g(i) = -i**3 + 60*i**2 - 885*i - 79. Calculate g(33).
119
Let m(t) = t**2 + 19*t + 66. Give m(-15).
6
Let h(q) = -q**3 - 20*q**2 - 41*q - 51. Give h(-16).
-419
Let p(q) = 268*q + 2664. Give p(-10).
-16
Let c(q) = 74*q - 161. Give c(2).
-13
Let b(v) = 293*v - 19. What is b(0)?
-19
Let b(i) = -1310*i - 11791. Give b(-9).
-1
Let p(t) = -3*t**3 + t**2 + 23*t - 32. Give p(4).
-116
Let z(s) = -s**3 + 13*s**2 + 61*s - 485. Give z(5).
20
Let i(v) = 101*v - 444. What is i(5)?
61
Let d(f) = -2*f**2 + 4*f - 97. What is d(9)?
-223
Let j(i) = 18*i**2 + 20